- (10 + -8)) + -15 + (-38 - 0)?
-38
Evaluate (-126 + 82 - -41) + 0 + -4 + 4.
-3
Evaluate (56 - 102) + 25 + 41.
20
What is -29 + (22 - -46) - 1?
38
What is the value of -23 - (-12 - ((4 - 23) + 16))?
-14
What is 23 + (21 - (17 + -1 - 6)) + -169?
-135
What is (-28 - 1) + (23 - (-21 + 30)) - 1?
-16
What is the value of (2 + -98 - (0 + (-1 - 5))) + 4 + -4?
-90
What is -79 + -23 + 18 + 19 + -12?
-77
What is the value of (347 - 367) + (-1 + (3 + 1 - 3) - 0)?
-20
What is 138 - (131 + 126) - -205?
86
Calculate -91 + -64 - -119 - 69.
-105
Calculate (-20 - (10 - 49 - (63 - 39))) + -8.
35
2 + (-54 - 1) + -2 + -126 + 52 + 84
-45
Evaluate -20 + 10 + 0 + -9 + -46 + 48.
-17
What is (1 - -3) + (-13 - (19 + -44 + 5)) + 15?
26
Calculate 4 + 3 - (-69 + 94) - (-1 + -75).
58
Evaluate (-1 - -71) + (-1000 - -976).
46
What is the value of -56 + (6 - (10 + 2)) + 7 - (24 + -22)?
-57
(-1 + 20 - (45 + -112 - -92)) + -96
-102
-29 - (25 - 27 - 25) - (-3 + 30)
-29
What is the value of 6 + -37 - (36 + -77)?
10
Evaluate -23 - 1 - (138 + -120 - (12 + -1)).
-31
(-1 - (-2 - -14)) + (-22 - (15 - (47 + 2)))
-1
-7 + 15 - (-53 - -1 - -4 - 4)
60
What is (14 - (2 + 1 - 0)) + -1370 + 1368?
9
What is the value of 78 + (-88 - -110) + -149?
-49
40 - (0 + 16 - (542 + -548))
18
-18 - (-28 + -13) - (-43 - -86)
-20
Calculate 22 - (-11 + (57 - 17)).
-7
Evaluate -3192 + 3113 + 40 + -1.
-40
-63 - -67 - (-31 + -31)
66
5 - 3 - -1 - (-47 - -25 - -31) - -51
45
What is the value of (-6 - -6) + (34 - (16 - -4)) - -5?
19
Calculate 1 + -113 + (-35 - -90 - 16) + -24.
-97
What is the value of 19 + (-4 - 6) + 22 + -10?
21
What is the value of (-203 - (-272 - 121)) + -2 + -38?
150
What is the value of (1 + -1 + 5 - -1) + (32 - 87)?
-49
Evaluate (-45 - -9) + 60 + 134 + -10.
148
(12413 - 12408) + (0 + -125 - -1)
-119
What is the value of 60 - (136 + -38 - 59)?
21
Evaluate (-71 - (-152 - -67)) + 44.
58
Evaluate (24 - 1) + -16 + (9 - 11) + 18.
23
What is (-22 - -22) + (6 - 7) + (-10 - -18) + 31?
38
49 + -17 + -9 + 3 + 39
65
What is -84 + -58 + 172 - (2 + 137)?
-109
Calculate 10 + 35 + -71 - -40.
14
What is (-59 - -61) + 1 + -11 + 1 - (-4 + -17)?
14
Evaluate (19 - (-5 + (11 - 0))) + -127 + (-37 - -75).
-76
What is -11 - -84 - 9 - 32?
32
(18 + 26 - 13) + 18
49
-22 - 58 - (3 - 2 - ((7 - 1) + 0))
-75
What is the value of -29 + 59 + 5 + -20 + 46?
61
What is (243 - 116) + -187 + 119?
59
Calculate (-1 - 42) + (-21 + -223 - -174).
-113
What is -5 - 0 - (-1 - -7 - (31 - 6))?
14
-6 + (3 - 2) + (-136 - -108)
-33
174 + -158 - ((-13 - -7) + -18)
40
What is the value of -2 - (-18 + -1 + -27 + 59)?
-15
What is the value of 33 + -38 + (9 + 12 - 77)?
-61
Evaluate -38 + (-3 - 13) + 30.
-24
What is the value of (80 - 34) + -79 + -36?
-69
What is (25 - 62) + 31 - (-11 + 1) - -70?
74
Evaluate (-10 - (-18 - 0 - -8)) + (0 - 13).
-13
11 + 121 + (-4 - 1) + (33 - (57 - 32))
135
Evaluate -126 + 29 + 89 - (41 + 1).
-50
What is the value of 0 + (4 + -7 + 0 + -2 - -18)?
13
-25 + 45 - (-24 - 4 - 42)
90
Calculate (-6 - 8) + 35 + -6 + -28 + 65.
52
What is -35 + (53 - 31) + -43?
-56
Calculate -3 + 16 + 3 + -2 + 3 + -2.
15
-18 + 10 + (2 - 13)
-19
Evaluate -1 + -1 - (13 - 16 - (5 + (2 - 99))).
-91
What is 59 + -43 + (-4 - 0) + -38?
-26
What is the value of -2 - ((-30 - -4) + -57)?
81
Evaluate (15 + -8 - -44) + (15 - 3 - 2).
61
What is 19 + (-2 + 15 - 13) + (4 - (4 + -2))?
21
What is -9 + 14 + 36 + (2 + 5 - 12) - 3?
33
(-1 - 23) + (-86 - (118 - 161))
-67
Calculate -6195 + 6150 + 1 + 69.
25
Evaluate 6 - 53 - (-16 - 15).
-16
What is 24 - (-24 - -7 - -22) - 43?
-24
Calculate 76 - ((-1 - -5) + 171 + -171 + 3 + 3).
66
What is 30 + -46 + 25 + 1 + 38?
48
What is -69 + 5 + 7 - (-11 - 2 - -24)?
-68
Calculate 57 + -1 + -2 + (-13 - (-8 - 5) - -11).
65
What is the value of 59 + 0 - ((-19 - 59) + 95)?
42
What is the value of 189 - 254 - (10 + -6)?
-69
What is (-3 - 22) + (-20 - -14) + 20 - -12?
1
Evaluate 70 + -60 + (26 - 5).
31
What is the value of -4 + (-30 - -11) + 66 + -14?
29
What is the value of (241 - 264 - (-1 + -2 + -5 + -1)) + -1?
-15
109 - 77 - (-10 + (7 - 3))
38
What is the value of (-1 - (0 + -10)) + (-69 - 7) + 31?
-36
What is -36 + -3 + -4 + (-19 + 1 - (19 + -28))?
-52
Evaluate (-14 + 3 - -30) + -66 + -2.
-49
Calculate (1 - 1) + (-37 + 101 - 35 - 43).
-14
What is the value of -2 - ((4 - 16) + 33) - (-11 + -2)?
-10
Calculate (9 - (17 - (9 - (-4 + 1)))) + 6 + 38.
48
Evaluate (19 - 13) + -12 - -1 - (-7 - -18).
-16
What is 10 - ((2 - -43) + (-52 - 7 - -40))?
-16
What is the value of 77 + -70 + 97 - 167?
-63
What is -9 + -8 + 27 + -31 + -5 + (-6 - 0)?
-32
What is the value of 28 - (0 - 60 - (-264 - -238))?
62
Evaluate -74 + -48 + (16 - -8) - 7.
-105
Calculate (-1474 + 1473 - (-2 + 3 + 2)) + 79.
75
Calculate -9 + -4 + 12 - (-6 + -23 + -1).
29
What is the value of (17 - 55) + 12 + 2 + (-1 - 8)?
-33
Evaluate 56 - (-6 + -14 + (10 - 7) + 4).
69
What is the value of 0 + (-26 - -2) - (10823 + -10784)?
-63
Evaluate (-1 - 8) + 5 + -7 - 11.
-22
Calculate -8 - ((42 - -15) + -45).
-20
Calculate 26 - (-4 - -3 - -6 - (-6 + 0 - -15)).
30
Calculate -86 - ((93 - 58) + -35).
-86
What is the value of 4 + (2 + 0 + -92 + 84 - -36)?
34
What is 2 + -2 + 1 - -2 - (-40 - 1 - -34)?
10
(-1 - 95) + 1 - (-4 + (19 - -3 - 14))
-99
(-45 - -28) + 23 + -17 - -5 - 93
-99
Calculate -71 + 74 + -1 + 1 + -3.
0
-47 - (67 + -27 + -15)
-72
Evaluate 18 + (20 - 60) + 71.
49
Evaluate -49 + (-44 - -37) + 81.
25
9 + -16 + (64 - 2 - (-23 + -39 + 74))
43
-19 + (2 - (-13 - -4)) + -11 + (-10 - -17)
-12
What is the value of -90 - (-2 - (-41 - -5) - -4)?
-128
What is the value of (-118 - 1) + (10803 - 10791)?
-107
34 - (14 + 47) - (0 + 1 + 3)
-31
What is the value of -42 - (-5 + (-13 - (-10 - (17 + -25))))?
-26
Calculate -86 - -2 - (23 - -3 - (-795 - -804)).
-101
What is the value of 1115 + -1083 - (2 - 3 - -127)?
-94
What is -130 + 77 + -23 - -43?
-33
Calculate (1 - (-8 - (-70 + 14))) + 9 + -2.
-40
What is the value of (-96 - -104 - (6 + -1)) + -21 + -5?
-23
What is the value of 64 + 13 - 74 - (42 - ((0 - 0) + -2))?
-41
Calculate -4 - (-24 + 85 + (-11 + 2 - (4 + -3))).
-55
-11 - ((3 - (7 + -2)) + (1 - -2 - 63))
51
What is -3 + -1 - ((-7 - (-13 - -21)) + 21)?
-10
What is 43 + -27 - 18 - 4?
-6
What is the value of 1 - 43 - (32752 - 32807)?
13
Evaluate (-5 - 0) + 5 + 5 + (-2 - (2 + 1)).
0
Calculate (-8 - ((-8 - -6) + -1) - (4 - 29)) + -3.
17
Calculate 79 + 53 - 68 - 56.
8
What is the value of 17 - (5 + 6) - ((3 - -3) + 148 + -14)?
-134
Calculate -5 + (50 - (4 + (6 + -15 - 0)) - 1).
49
What is the value of (-40 - (-31 - 0)) + (9 - 36)?
-36
What is the value of -365 - -377 - (-30 + -6 + 1)?
47
Evaluate -52 - (5 + -3 - (20 + -10 + 4)).
-40
Evaluate 44 - (-18 + 11 - -4 - (2 - -6) - -18).
37
What is the value of -37 + 61 + -79 + 59?
4
What is the value of (27 - -1) + (6 + -16 + 13 - -3) + 7?
41
16 + (12 - (8 - (-35 + 21)))
6
Evaluate 24 + -5 + (-184 + -6 - -80).
-91
(-46 - (-14 + -52)) + -35
-15
Evaluate 30 + (-26 - (-7 - 10)) + -17.
4
What is -25 - (0 - (-49 + 38))?
-36
What is (7 - 70) + 18 - -15?
-30
What is (133 - (-34 + 178)) + (69 - (0 + 2))?
56
Evaluate ((-81 - -112) + -37 - (15 - -2)) + -117.
-140
What is the value of (1 - 5 - (46 + -15)) + -56 + -12 + 78?
-25
Calculate -4 + (43 - 68 - -53).
24
Evaluate 69 - 59 - -6 - 72.
-56
What is (1 - 7) + (-110 - -81) - (0 + 11)?
-46
Calculate -43 + 71 + -13 + -45 + 139.
109
Calculate -530 + 594 - (59 + -13).
18
What is 56 + (54 - 27 - 41) + -10?
32
Evaluate 15 + 0 + 2 + -12 + (-11 - -2) - -31.
27
What is -2 - (-1 + -20) - (72 + -8)?
-45
What is 12 + (-7 - 13 - -9) + -6?
-5
Evaluate -14 + (15 - -54 - (30 - 47)).
72
16 + (57 - 83) - -60
50
What is -18 + (35 - (75 - 29))?
-29
What is 12 + (6 - (3 - -21 - 9)) + -68?
-65
Calculate (-17 - (11 - 32)) + -5 + -3 + 2.
-2
Calculate (4 + -9 - 2) + -1370 + 1390.
13
Evaluate -137 + (162 - 105) + 123.
43
What is the value of -152 + (-77 - -216) - 11?
-24
Calculate (69 - -12 - (-6 - -26)) + -23.
38
What is (-17 - -11) + -10 - -6 - 44 - 1?
-55
Calculate (-1 - 34) + 463 + -439.
-11
What is the value of (-18 - (-8 + (12 + 3 - 3))) + (2 - 9)?
-29
Evaluate -88 - (-111 + 40) - (34 + 0).
-51
Evaluate 35 + (14 - (-7 + 18)) + (-18 - -4).
24
What is 4 + 17 - (72 + 24) - -38?
-37
Evaluate (426 - 435) + 27 + -1 + 19.
36
What is the va